{"id":4434,"date":"2020-02-12T16:07:02","date_gmt":"2020-02-12T19:07:02","guid":{"rendered":"https:\/\/www.gloriamusic.com.br\/?post_type=product&#038;p=4434"},"modified":"2026-02-11T15:21:26","modified_gmt":"2026-02-11T18:21:26","slug":"um-toque-do-ceu","status":"publish","type":"product","link":"https:\/\/torres.nuvemidc.com\/~gloriamu\/produto\/um-toque-do-ceu\/","title":{"rendered":"Um Toque do C\u00e9u &#8211; Alian\u00e7a"},"content":{"rendered":"<p>O sil\u00eancio, que desde a espantosa proclama\u00e7\u00e3o dos profetas, s\u00e9culos antes, estava ensurdecedor. Os filhos de Deus confiaram mais no ritual da lei que na realidade do Senhor. O Messias parecia mais um mito do que um conquistador. A gl\u00f3ria de Deus foi escondida da humanidade desde a queda. At\u00e9 Mois\u00e9s n\u00e3o poderia olhar a gl\u00f3ria de Deus e viver. Ele ficou na fenda da rocha onde somente poderia observar o Alt\u00edssimo de costas quando Ele passasse. O mundo est\u00e1 esperando em uma quietude solene, mas o c\u00e9u \u00e9 t\u00e3o distante quanto as promessas antigas. Tudo isto est\u00e1 prestes a mudar.<br \/>\nHoje, Deus ir\u00e1 romper sua promessa de uma maneira al\u00e9m da imagina\u00e7\u00e3o.<br \/>\nHoje, o Eterno e o mortal ir\u00e3o se interligar de uma maneira nunca tecida antes.<br \/>\nHoje, Deus mostrar\u00e1 Seu amor da maneira mais inacredit\u00e1vel, dando o Seu filho.<br \/>\nHoje ser\u00e1 o nascimento de Jesus, o Cristo.<br \/>\nHoje, novamente seremos permitidos a ver a gl\u00f3ria de Deus.<br \/>\nHoje, a m\u00fasica celestial e a terra se alegrar\u00e3o com um concerto.<br \/>\nHoje, toda cria\u00e7\u00e3o canta pois aconteceu \u201cUm toque do c\u00e9u\u201d!<\/p>\n<p>Charlis Ferre (Coda Musicais).<\/p>\n<h4>Informa\u00e7\u00f5es Gerais:<\/h4>\n<p>Dificuldade: Moderada<br \/>\nVozes: SSCTB<br \/>\nTemporada: Natal<br \/>\nClassifica\u00e7\u00e3o: Jovem e Adulto<br \/>\nEstilo: Contempor\u00e2neo<br \/>\nDura\u00e7\u00e3o: 44 min.<\/p>\n<p>Cria\u00e7\u00e3o<br \/>\nComposta por Randy Vader e Jay Rouse<br \/>\nArranjo e Orquestra\u00e7\u00e3o: Jay Rouse<br \/>\nTradu\u00e7\u00e3o: Charlis Ferre<\/p>\n","protected":false},"excerpt":{"rendered":"<p>Gloria Music &#8211; Cantatas de Natal, P\u00e1scoa, Colet\u00e2neas.<br \/>\nMaterial para Coro e\/ou Grupo Vocal em formato Download: Partitura, Demonstra\u00e7\u00e3o, Playbacks e Kits de Voz.<\/p>\n","protected":false},"featured_media":8073,"comment_status":"closed","ping_status":"closed","template":"","meta":[],"product_cat":[69,98],"product_tag":[127,141,149,140,168,142],"yoast_head":"<!-- This site is optimized with the Yoast SEO plugin v23.5 - https:\/\/yoast.com\/wordpress\/plugins\/seo\/ -->\n<title>Um Toque do C\u00e9u - Alian\u00e7a - Gloria Music<\/title>\n<meta name=\"robots\" content=\"index, follow, max-snippet:-1, max-image-preview:large, max-video-preview:-1\" \/>\n<link rel=\"canonical\" href=\"https:\/\/www.gloriamusic.com.br\/produto\/um-toque-do-ceu\/\" \/>\n<meta property=\"og:locale\" content=\"pt_BR\" \/>\n<meta property=\"og:type\" content=\"article\" \/>\n<meta property=\"og:title\" content=\"Um Toque do C\u00e9u - Alian\u00e7a - Gloria Music\" \/>\n<meta property=\"og:description\" content=\"Gloria Music - Cantatas de Natal, P\u00e1scoa, Colet\u00e2neas. Material para Coro e\/ou Grupo Vocal em formato Download: Partitura, Demonstra\u00e7\u00e3o, Playbacks e Kits de Voz.\" \/>\n<meta property=\"og:url\" content=\"https:\/\/www.gloriamusic.com.br\/produto\/um-toque-do-ceu\/\" \/>\n<meta property=\"og:site_name\" content=\"Gloria Music\" \/>\n<meta property=\"article:publisher\" content=\"https:\/\/www.facebook.com\/gloriamusicproducoes\/\" \/>\n<meta property=\"article:modified_time\" content=\"2026-02-11T18:21:26+00:00\" \/>\n<meta property=\"og:image\" content=\"https:\/\/www.gloriamusic.com.br\/wp-content\/uploads\/gloriamusic\/2020\/09\/capasite-1.jpg\" \/>\n\t<meta property=\"og:image:width\" content=\"1450\" \/>\n\t<meta property=\"og:image:height\" content=\"1485\" \/>\n\t<meta property=\"og:image:type\" content=\"image\/jpeg\" \/>\n<meta name=\"twitter:card\" content=\"summary_large_image\" \/>\n<meta name=\"twitter:label1\" content=\"Est. tempo de leitura\" \/>\n\t<meta name=\"twitter:data1\" content=\"1 minuto\" \/>\n<script type=\"application\/ld+json\" class=\"yoast-schema-graph\">{\"@context\":\"https:\/\/schema.org\",\"@graph\":[{\"@type\":\"WebPage\",\"@id\":\"https:\/\/www.gloriamusic.com.br\/produto\/um-toque-do-ceu\/\",\"url\":\"https:\/\/www.gloriamusic.com.br\/produto\/um-toque-do-ceu\/\",\"name\":\"Um Toque do C\u00e9u - Alian\u00e7a - Gloria Music\",\"isPartOf\":{\"@id\":\"https:\/\/www.gloriamusic.com.br\/#website\"},\"primaryImageOfPage\":{\"@id\":\"https:\/\/www.gloriamusic.com.br\/produto\/um-toque-do-ceu\/#primaryimage\"},\"image\":{\"@id\":\"https:\/\/www.gloriamusic.com.br\/produto\/um-toque-do-ceu\/#primaryimage\"},\"thumbnailUrl\":\"https:\/\/torres.nuvemidc.com\/~gloriamu\/wp-content\/uploads\/gloriamusic\/2020\/09\/capasite-1.jpg\",\"datePublished\":\"2020-02-12T19:07:02+00:00\",\"dateModified\":\"2026-02-11T18:21:26+00:00\",\"breadcrumb\":{\"@id\":\"https:\/\/www.gloriamusic.com.br\/produto\/um-toque-do-ceu\/#breadcrumb\"},\"inLanguage\":\"pt-BR\",\"potentialAction\":[{\"@type\":\"ReadAction\",\"target\":[\"https:\/\/www.gloriamusic.com.br\/produto\/um-toque-do-ceu\/\"]}]},{\"@type\":\"ImageObject\",\"inLanguage\":\"pt-BR\",\"@id\":\"https:\/\/www.gloriamusic.com.br\/produto\/um-toque-do-ceu\/#primaryimage\",\"url\":\"https:\/\/torres.nuvemidc.com\/~gloriamu\/wp-content\/uploads\/gloriamusic\/2020\/09\/capasite-1.jpg\",\"contentUrl\":\"https:\/\/torres.nuvemidc.com\/~gloriamu\/wp-content\/uploads\/gloriamusic\/2020\/09\/capasite-1.jpg\",\"width\":1450,\"height\":1485},{\"@type\":\"BreadcrumbList\",\"@id\":\"https:\/\/www.gloriamusic.com.br\/produto\/um-toque-do-ceu\/#breadcrumb\",\"itemListElement\":[{\"@type\":\"ListItem\",\"position\":1,\"name\":\"In\u00edcio\",\"item\":\"https:\/\/www.gloriamusic.com.br\/\"},{\"@type\":\"ListItem\",\"position\":2,\"name\":\"Loja\",\"item\":\"https:\/\/www.gloriamusic.com.br\/shop\/\"},{\"@type\":\"ListItem\",\"position\":3,\"name\":\"Um Toque do C\u00e9u &#8211; Alian\u00e7a\"}]},{\"@type\":\"WebSite\",\"@id\":\"https:\/\/www.gloriamusic.com.br\/#website\",\"url\":\"https:\/\/www.gloriamusic.com.br\/\",\"name\":\"Gloria Music\",\"description\":\"Cantatas e musicais, m\u00fasica sacra.\",\"publisher\":{\"@id\":\"https:\/\/www.gloriamusic.com.br\/#organization\"},\"potentialAction\":[{\"@type\":\"SearchAction\",\"target\":{\"@type\":\"EntryPoint\",\"urlTemplate\":\"https:\/\/www.gloriamusic.com.br\/?s={search_term_string}\"},\"query-input\":{\"@type\":\"PropertyValueSpecification\",\"valueRequired\":true,\"valueName\":\"search_term_string\"}}],\"inLanguage\":\"pt-BR\"},{\"@type\":\"Organization\",\"@id\":\"https:\/\/www.gloriamusic.com.br\/#organization\",\"name\":\"Gloria Music\",\"url\":\"https:\/\/www.gloriamusic.com.br\/\",\"logo\":{\"@type\":\"ImageObject\",\"inLanguage\":\"pt-BR\",\"@id\":\"https:\/\/www.gloriamusic.com.br\/#\/schema\/logo\/image\/\",\"url\":\"https:\/\/www.gloriamusic.com.br\/wp-content\/uploads\/2018\/12\/logo-color.png\",\"contentUrl\":\"https:\/\/www.gloriamusic.com.br\/wp-content\/uploads\/2018\/12\/logo-color.png\",\"width\":184,\"height\":100,\"caption\":\"Gloria Music\"},\"image\":{\"@id\":\"https:\/\/www.gloriamusic.com.br\/#\/schema\/logo\/image\/\"},\"sameAs\":[\"https:\/\/www.facebook.com\/gloriamusicproducoes\/\"]}]}<\/script>\n<!-- \/ Yoast SEO plugin. -->","yoast_head_json":{"title":"Um Toque do C\u00e9u - Alian\u00e7a - Gloria Music","robots":{"index":"index","follow":"follow","max-snippet":"max-snippet:-1","max-image-preview":"max-image-preview:large","max-video-preview":"max-video-preview:-1"},"canonical":"https:\/\/www.gloriamusic.com.br\/produto\/um-toque-do-ceu\/","og_locale":"pt_BR","og_type":"article","og_title":"Um Toque do C\u00e9u - Alian\u00e7a - Gloria Music","og_description":"Gloria Music - Cantatas de Natal, P\u00e1scoa, Colet\u00e2neas. Material para Coro e\/ou Grupo Vocal em formato Download: Partitura, Demonstra\u00e7\u00e3o, Playbacks e Kits de Voz.","og_url":"https:\/\/www.gloriamusic.com.br\/produto\/um-toque-do-ceu\/","og_site_name":"Gloria Music","article_publisher":"https:\/\/www.facebook.com\/gloriamusicproducoes\/","article_modified_time":"2026-02-11T18:21:26+00:00","og_image":[{"width":1450,"height":1485,"url":"https:\/\/www.gloriamusic.com.br\/wp-content\/uploads\/gloriamusic\/2020\/09\/capasite-1.jpg","type":"image\/jpeg"}],"twitter_card":"summary_large_image","twitter_misc":{"Est. tempo de leitura":"1 minuto"},"schema":{"@context":"https:\/\/schema.org","@graph":[{"@type":"WebPage","@id":"https:\/\/www.gloriamusic.com.br\/produto\/um-toque-do-ceu\/","url":"https:\/\/www.gloriamusic.com.br\/produto\/um-toque-do-ceu\/","name":"Um Toque do C\u00e9u - Alian\u00e7a - Gloria Music","isPartOf":{"@id":"https:\/\/www.gloriamusic.com.br\/#website"},"primaryImageOfPage":{"@id":"https:\/\/www.gloriamusic.com.br\/produto\/um-toque-do-ceu\/#primaryimage"},"image":{"@id":"https:\/\/www.gloriamusic.com.br\/produto\/um-toque-do-ceu\/#primaryimage"},"thumbnailUrl":"https:\/\/torres.nuvemidc.com\/~gloriamu\/wp-content\/uploads\/gloriamusic\/2020\/09\/capasite-1.jpg","datePublished":"2020-02-12T19:07:02+00:00","dateModified":"2026-02-11T18:21:26+00:00","breadcrumb":{"@id":"https:\/\/www.gloriamusic.com.br\/produto\/um-toque-do-ceu\/#breadcrumb"},"inLanguage":"pt-BR","potentialAction":[{"@type":"ReadAction","target":["https:\/\/www.gloriamusic.com.br\/produto\/um-toque-do-ceu\/"]}]},{"@type":"ImageObject","inLanguage":"pt-BR","@id":"https:\/\/www.gloriamusic.com.br\/produto\/um-toque-do-ceu\/#primaryimage","url":"https:\/\/torres.nuvemidc.com\/~gloriamu\/wp-content\/uploads\/gloriamusic\/2020\/09\/capasite-1.jpg","contentUrl":"https:\/\/torres.nuvemidc.com\/~gloriamu\/wp-content\/uploads\/gloriamusic\/2020\/09\/capasite-1.jpg","width":1450,"height":1485},{"@type":"BreadcrumbList","@id":"https:\/\/www.gloriamusic.com.br\/produto\/um-toque-do-ceu\/#breadcrumb","itemListElement":[{"@type":"ListItem","position":1,"name":"In\u00edcio","item":"https:\/\/www.gloriamusic.com.br\/"},{"@type":"ListItem","position":2,"name":"Loja","item":"https:\/\/www.gloriamusic.com.br\/shop\/"},{"@type":"ListItem","position":3,"name":"Um Toque do C\u00e9u &#8211; Alian\u00e7a"}]},{"@type":"WebSite","@id":"https:\/\/www.gloriamusic.com.br\/#website","url":"https:\/\/www.gloriamusic.com.br\/","name":"Gloria Music","description":"Cantatas e musicais, m\u00fasica sacra.","publisher":{"@id":"https:\/\/www.gloriamusic.com.br\/#organization"},"potentialAction":[{"@type":"SearchAction","target":{"@type":"EntryPoint","urlTemplate":"https:\/\/www.gloriamusic.com.br\/?s={search_term_string}"},"query-input":{"@type":"PropertyValueSpecification","valueRequired":true,"valueName":"search_term_string"}}],"inLanguage":"pt-BR"},{"@type":"Organization","@id":"https:\/\/www.gloriamusic.com.br\/#organization","name":"Gloria Music","url":"https:\/\/www.gloriamusic.com.br\/","logo":{"@type":"ImageObject","inLanguage":"pt-BR","@id":"https:\/\/www.gloriamusic.com.br\/#\/schema\/logo\/image\/","url":"https:\/\/www.gloriamusic.com.br\/wp-content\/uploads\/2018\/12\/logo-color.png","contentUrl":"https:\/\/www.gloriamusic.com.br\/wp-content\/uploads\/2018\/12\/logo-color.png","width":184,"height":100,"caption":"Gloria Music"},"image":{"@id":"https:\/\/www.gloriamusic.com.br\/#\/schema\/logo\/image\/"},"sameAs":["https:\/\/www.facebook.com\/gloriamusicproducoes\/"]}]}},"_links":{"self":[{"href":"https:\/\/torres.nuvemidc.com\/~gloriamu\/wp-json\/wp\/v2\/product\/4434"}],"collection":[{"href":"https:\/\/torres.nuvemidc.com\/~gloriamu\/wp-json\/wp\/v2\/product"}],"about":[{"href":"https:\/\/torres.nuvemidc.com\/~gloriamu\/wp-json\/wp\/v2\/types\/product"}],"replies":[{"embeddable":true,"href":"https:\/\/torres.nuvemidc.com\/~gloriamu\/wp-json\/wp\/v2\/comments?post=4434"}],"wp:featuredmedia":[{"embeddable":true,"href":"https:\/\/torres.nuvemidc.com\/~gloriamu\/wp-json\/wp\/v2\/media\/8073"}],"wp:attachment":[{"href":"https:\/\/torres.nuvemidc.com\/~gloriamu\/wp-json\/wp\/v2\/media?parent=4434"}],"wp:term":[{"taxonomy":"product_cat","embeddable":true,"href":"https:\/\/torres.nuvemidc.com\/~gloriamu\/wp-json\/wp\/v2\/product_cat?post=4434"},{"taxonomy":"product_tag","embeddable":true,"href":"https:\/\/torres.nuvemidc.com\/~gloriamu\/wp-json\/wp\/v2\/product_tag?post=4434"}],"curies":[{"name":"wp","href":"https:\/\/api.w.org\/{rel}","templated":true}]}}

Um Toque do Céu &#8211; Aliança

<p>O silêncio, que desde a espantosa proclamação dos profetas, séculos antes, estava ensurdecedor. Os filhos de Deus confiaram mais no ritual da lei que na realidade do Senhor. O Messias parecia mais um mito do que um conquistador. A glória de Deus foi escondida da humanidade desde a queda. Até Moisés não poderia olhar a glória de Deus e viver. Ele ficou na fenda da rocha onde somente poderia observar o Altíssimo de costas quando Ele passasse. O mundo está esperando em uma quietude solene, mas o céu é tão distante quanto as promessas antigas. Tudo isto está prestes a mudar.<br />
Hoje, Deus irá romper sua promessa de uma maneira além da imaginação.<br />
Hoje, o Eterno e o mortal irão se interligar de uma maneira nunca tecida antes.<br />
Hoje, Deus mostrará Seu amor da maneira mais inacreditável, dando o Seu filho.<br />
Hoje será o nascimento de Jesus, o Cristo.<br />
Hoje, novamente seremos permitidos a ver a glória de Deus.<br />
Hoje, a música celestial e a terra se alegrarão com um concerto.<br />
Hoje, toda criação canta pois aconteceu “Um toque do céu”!</p>
<p>Charlis Ferre (Coda Musicais).</p>
<h4>Informações Gerais:</h4>
<p>Dificuldade: Moderada<br />
Vozes: SSCTB<br />
Temporada: Natal<br />
Classificação: Jovem e Adulto<br />
Estilo: Contemporâneo<br />
Duração: 44 min.</p>
<p>Criação<br />
Composta por Randy Vader e Jay Rouse<br />
Arranjo e Orquestração: Jay Rouse<br />
Tradução: Charlis Ferre</p>

<p>Gloria Music &#8211; Cantatas de Natal, Páscoa, Coletâneas.<br />
Material para Coro e/ou Grupo Vocal em formato Download: Partitura, Demonstração, Playbacks e Kits de Voz.</p>

<!-- This site is optimized with the Yoast SEO plugin v23.5 - https://yoast.com/wordpress/plugins/seo/ -->
<title>Um Toque do Céu - Aliança - Gloria Music</title>
<meta name="robots" content="index, follow, max-snippet:-1, max-image-preview:large, max-video-preview:-1" />
<link rel="canonical" href="https://www.gloriamusic.com.br/produto/um-toque-do-ceu/" />
<meta property="og:locale" content="pt_BR" />
<meta property="og:type" content="article" />
<meta property="og:title" content="Um Toque do Céu - Aliança - Gloria Music" />
<meta property="og:description" content="Gloria Music - Cantatas de Natal, Páscoa, Coletâneas. Material para Coro e/ou Grupo Vocal em formato Download: Partitura, Demonstração, Playbacks e Kits de Voz." />
<meta property="og:url" content="https://www.gloriamusic.com.br/produto/um-toque-do-ceu/" />
<meta property="og:site_name" content="Gloria Music" />
<meta property="article:publisher" content="https://www.facebook.com/gloriamusicproducoes/" />
<meta property="article:modified_time" content="2026-02-11T18:21:26+00:00" />
<meta property="og:image" content="https://www.gloriamusic.com.br/wp-content/uploads/gloriamusic/2020/09/capasite-1.jpg" />
	<meta property="og:image:width" content="1450" />
	<meta property="og:image:height" content="1485" />
	<meta property="og:image:type" content="image/jpeg" />
<meta name="twitter:card" content="summary_large_image" />
<meta name="twitter:label1" content="Est. tempo de leitura" />
	<meta name="twitter:data1" content="1 minuto" />
<script type="application/ld+json" class="yoast-schema-graph">{"@context":"https://schema.org","@graph":[{"@type":"WebPage","@id":"https://www.gloriamusic.com.br/produto/um-toque-do-ceu/","url":"https://www.gloriamusic.com.br/produto/um-toque-do-ceu/","name":"Um Toque do Céu - Aliança - Gloria Music","isPartOf":{"@id":"https://www.gloriamusic.com.br/#website"},"primaryImageOfPage":{"@id":"https://www.gloriamusic.com.br/produto/um-toque-do-ceu/#primaryimage"},"image":{"@id":"https://www.gloriamusic.com.br/produto/um-toque-do-ceu/#primaryimage"},"thumbnailUrl":"https://torres.nuvemidc.com/~gloriamu/wp-content/uploads/gloriamusic/2020/09/capasite-1.jpg","datePublished":"2020-02-12T19:07:02+00:00","dateModified":"2026-02-11T18:21:26+00:00","breadcrumb":{"@id":"https://www.gloriamusic.com.br/produto/um-toque-do-ceu/#breadcrumb"},"inLanguage":"pt-BR","potentialAction":[{"@type":"ReadAction","target":["https://www.gloriamusic.com.br/produto/um-toque-do-ceu/"]}]},{"@type":"ImageObject","inLanguage":"pt-BR","@id":"https://www.gloriamusic.com.br/produto/um-toque-do-ceu/#primaryimage","url":"https://torres.nuvemidc.com/~gloriamu/wp-content/uploads/gloriamusic/2020/09/capasite-1.jpg","contentUrl":"https://torres.nuvemidc.com/~gloriamu/wp-content/uploads/gloriamusic/2020/09/capasite-1.jpg","width":1450,"height":1485},{"@type":"BreadcrumbList","@id":"https://www.gloriamusic.com.br/produto/um-toque-do-ceu/#breadcrumb","itemListElement":[{"@type":"ListItem","position":1,"name":"Início","item":"https://www.gloriamusic.com.br/"},{"@type":"ListItem","position":2,"name":"Loja","item":"https://www.gloriamusic.com.br/shop/"},{"@type":"ListItem","position":3,"name":"Um Toque do Céu &#8211; Aliança"}]},{"@type":"WebSite","@id":"https://www.gloriamusic.com.br/#website","url":"https://www.gloriamusic.com.br/","name":"Gloria Music","description":"Cantatas e musicais, música sacra.","publisher":{"@id":"https://www.gloriamusic.com.br/#organization"},"potentialAction":[{"@type":"SearchAction","target":{"@type":"EntryPoint","urlTemplate":"https://www.gloriamusic.com.br/?s={search_term_string}"},"query-input":{"@type":"PropertyValueSpecification","valueRequired":true,"valueName":"search_term_string"}}],"inLanguage":"pt-BR"},{"@type":"Organization","@id":"https://www.gloriamusic.com.br/#organization","name":"Gloria Music","url":"https://www.gloriamusic.com.br/","logo":{"@type":"ImageObject","inLanguage":"pt-BR","@id":"https://www.gloriamusic.com.br/#/schema/logo/image/","url":"https://www.gloriamusic.com.br/wp-content/uploads/2018/12/logo-color.png","contentUrl":"https://www.gloriamusic.com.br/wp-content/uploads/2018/12/logo-color.png","width":184,"height":100,"caption":"Gloria Music"},"image":{"@id":"https://www.gloriamusic.com.br/#/schema/logo/image/"},"sameAs":["https://www.facebook.com/gloriamusicproducoes/"]}]}</script>
<!-- / Yoast SEO plugin. -->

Um Toque do Céu - Aliança - Gloria Music

Gloria Music - Cantatas de Natal, Páscoa, Coletâneas. Material para Coro e/ou Grupo Vocal em formato Download: Partitura, Demonstração, Playbacks e Kits de Voz.

Início

Cantatas e musicais, música sacra.
