{"id":4499,"date":"2020-02-12T21:43:24","date_gmt":"2020-02-13T00:43:24","guid":{"rendered":"https:\/\/www.gloriamusic.com.br\/?post_type=product&#038;p=4499"},"modified":"2026-02-13T12:33:55","modified_gmt":"2026-02-13T15:33:55","slug":"olhos-da-fe","status":"publish","type":"product","link":"https:\/\/torres.nuvemidc.com\/~gloriamu\/produto\/olhos-da-fe\/","title":{"rendered":"Olhos da F\u00e9 &#8211; Alian\u00e7a"},"content":{"rendered":"<p>Este Musical \u00e9 um Best Seller da dupla de sucesso David T. Clydesdale e Steve Moore.<br \/>\n&#8220;Olhos da F\u00e9&#8221; traz a hist\u00f3ria vista por alguns personagens b\u00edblicos como Sime\u00e3o, Pedro, Judas e Maria Madalena. Eles nos mostram como foram impactados pelo grande amor de Jesus e dessa maneira tiveram seus olhos abertos, n\u00e3o os olhos f\u00edsicos, mas sim, os Olhos da F\u00e9!<\/p>\n<p>Neste projeto voc\u00ea poder\u00e1 agregar grupo de teatro, coreografia e o grupo de louvor de sua igreja.<\/p>\n<p>Nossa ora\u00e7\u00e3o \u00e9 que seu culto de p\u00e1scoa ou evangelismo seja uma grande celebra\u00e7\u00e3o, trazendo \u00e0 mem\u00f3ria a maior hist\u00f3ria de amor de todos os tempos, amor este, que fez um Pai entregar seu \u00fanico filho para morrer numa cruz e assim redimir a todos, sem exce\u00e7\u00e3o.<\/p>\n<p>No amor de Jesus,<\/p>\n<p>Charlis Ferre.<br \/>\nCoda Musicais.<\/p>\n<h4>Informa\u00e7\u00f5es Gerais:<\/h4>\n<p>Dificuldade: Moderada<br \/>\nVozes: SSCTB<br \/>\nTemporada: P\u00e1scoa \/ Evangelismo<br \/>\nClassifica\u00e7\u00e3o: Jovem e Adulto<br \/>\nEstilo: Contempor\u00e2neo<br \/>\nDura\u00e7\u00e3o: 49 min<\/p>\n<p>Criado por David T. Clydesdale e Steve Moore<br \/>\nArranjado e Orquestrado por David T. Clydesdale<br \/>\nTraduzido por Claudio Verde e Charlis Ferre<\/p>\n","protected":false},"excerpt":{"rendered":"<p>Gloria Music &#8211; Cantatas de Natal, P\u00e1scoa, Colet\u00e2neas.<br \/>\nMaterial para Coro e\/ou Grupo Vocal em formato Download: Partitura, Demonstra\u00e7\u00e3o, Playbacks e Kits de Voz.<\/p>\n","protected":false},"featured_media":8075,"comment_status":"closed","ping_status":"closed","template":"","meta":[],"product_cat":[68],"product_tag":[128,141,134,149,140,168,169],"yoast_head":"<!-- This site is optimized with the Yoast SEO plugin v23.5 - https:\/\/yoast.com\/wordpress\/plugins\/seo\/ -->\n<title>Olhos da F\u00e9 - Alian\u00e7a - Gloria Music<\/title>\n<meta name=\"robots\" content=\"index, follow, max-snippet:-1, max-image-preview:large, max-video-preview:-1\" \/>\n<link rel=\"canonical\" href=\"https:\/\/torres.nuvemidc.com\/~gloriamu\/produto\/olhos-da-fe\/\" \/>\n<meta property=\"og:locale\" content=\"pt_BR\" \/>\n<meta property=\"og:type\" content=\"article\" \/>\n<meta property=\"og:title\" content=\"Olhos da F\u00e9 - Alian\u00e7a - Gloria Music\" \/>\n<meta property=\"og:description\" content=\"Gloria Music - Cantatas de Natal, P\u00e1scoa, Colet\u00e2neas. Material para Coro e\/ou Grupo Vocal em formato Download: Partitura, Demonstra\u00e7\u00e3o, Playbacks e Kits de Voz.\" \/>\n<meta property=\"og:url\" content=\"https:\/\/torres.nuvemidc.com\/~gloriamu\/produto\/olhos-da-fe\/\" \/>\n<meta property=\"og:site_name\" content=\"Gloria Music\" \/>\n<meta property=\"article:publisher\" content=\"https:\/\/www.facebook.com\/gloriamusicproducoes\/\" \/>\n<meta property=\"article:modified_time\" content=\"2026-02-13T15:33:55+00:00\" \/>\n<meta property=\"og:image\" content=\"https:\/\/torres.nuvemidc.com\/~gloriamu\/wp-content\/uploads\/gloriamusic\/2020\/09\/capasite-3.jpg\" \/>\n\t<meta property=\"og:image:width\" content=\"1772\" \/>\n\t<meta property=\"og:image:height\" content=\"1772\" \/>\n\t<meta property=\"og:image:type\" content=\"image\/jpeg\" \/>\n<meta name=\"twitter:card\" content=\"summary_large_image\" \/>\n<meta name=\"twitter:label1\" content=\"Est. tempo de leitura\" \/>\n\t<meta name=\"twitter:data1\" content=\"2 minutos\" \/>\n<script type=\"application\/ld+json\" class=\"yoast-schema-graph\">{\"@context\":\"https:\/\/schema.org\",\"@graph\":[{\"@type\":\"WebPage\",\"@id\":\"https:\/\/torres.nuvemidc.com\/~gloriamu\/produto\/olhos-da-fe\/\",\"url\":\"https:\/\/torres.nuvemidc.com\/~gloriamu\/produto\/olhos-da-fe\/\",\"name\":\"Olhos da F\u00e9 - Alian\u00e7a - Gloria Music\",\"isPartOf\":{\"@id\":\"https:\/\/www.gloriamusic.com.br\/#website\"},\"primaryImageOfPage\":{\"@id\":\"https:\/\/torres.nuvemidc.com\/~gloriamu\/produto\/olhos-da-fe\/#primaryimage\"},\"image\":{\"@id\":\"https:\/\/torres.nuvemidc.com\/~gloriamu\/produto\/olhos-da-fe\/#primaryimage\"},\"thumbnailUrl\":\"https:\/\/torres.nuvemidc.com\/~gloriamu\/wp-content\/uploads\/gloriamusic\/2020\/09\/capasite-3.jpg\",\"datePublished\":\"2020-02-13T00:43:24+00:00\",\"dateModified\":\"2026-02-13T15:33:55+00:00\",\"breadcrumb\":{\"@id\":\"https:\/\/torres.nuvemidc.com\/~gloriamu\/produto\/olhos-da-fe\/#breadcrumb\"},\"inLanguage\":\"pt-BR\",\"potentialAction\":[{\"@type\":\"ReadAction\",\"target\":[\"https:\/\/torres.nuvemidc.com\/~gloriamu\/produto\/olhos-da-fe\/\"]}]},{\"@type\":\"ImageObject\",\"inLanguage\":\"pt-BR\",\"@id\":\"https:\/\/torres.nuvemidc.com\/~gloriamu\/produto\/olhos-da-fe\/#primaryimage\",\"url\":\"https:\/\/torres.nuvemidc.com\/~gloriamu\/wp-content\/uploads\/gloriamusic\/2020\/09\/capasite-3.jpg\",\"contentUrl\":\"https:\/\/torres.nuvemidc.com\/~gloriamu\/wp-content\/uploads\/gloriamusic\/2020\/09\/capasite-3.jpg\",\"width\":1772,\"height\":1772},{\"@type\":\"BreadcrumbList\",\"@id\":\"https:\/\/torres.nuvemidc.com\/~gloriamu\/produto\/olhos-da-fe\/#breadcrumb\",\"itemListElement\":[{\"@type\":\"ListItem\",\"position\":1,\"name\":\"In\u00edcio\",\"item\":\"https:\/\/www.gloriamusic.com.br\/\"},{\"@type\":\"ListItem\",\"position\":2,\"name\":\"Loja\",\"item\":\"https:\/\/www.gloriamusic.com.br\/shop\/\"},{\"@type\":\"ListItem\",\"position\":3,\"name\":\"Olhos da F\u00e9 &#8211; Alian\u00e7a\"}]},{\"@type\":\"WebSite\",\"@id\":\"https:\/\/www.gloriamusic.com.br\/#website\",\"url\":\"https:\/\/www.gloriamusic.com.br\/\",\"name\":\"Gloria Music\",\"description\":\"Cantatas e musicais, m\u00fasica sacra.\",\"publisher\":{\"@id\":\"https:\/\/www.gloriamusic.com.br\/#organization\"},\"potentialAction\":[{\"@type\":\"SearchAction\",\"target\":{\"@type\":\"EntryPoint\",\"urlTemplate\":\"https:\/\/www.gloriamusic.com.br\/?s={search_term_string}\"},\"query-input\":{\"@type\":\"PropertyValueSpecification\",\"valueRequired\":true,\"valueName\":\"search_term_string\"}}],\"inLanguage\":\"pt-BR\"},{\"@type\":\"Organization\",\"@id\":\"https:\/\/www.gloriamusic.com.br\/#organization\",\"name\":\"Gloria Music\",\"url\":\"https:\/\/www.gloriamusic.com.br\/\",\"logo\":{\"@type\":\"ImageObject\",\"inLanguage\":\"pt-BR\",\"@id\":\"https:\/\/www.gloriamusic.com.br\/#\/schema\/logo\/image\/\",\"url\":\"https:\/\/www.gloriamusic.com.br\/wp-content\/uploads\/2018\/12\/logo-color.png\",\"contentUrl\":\"https:\/\/www.gloriamusic.com.br\/wp-content\/uploads\/2018\/12\/logo-color.png\",\"width\":184,\"height\":100,\"caption\":\"Gloria Music\"},\"image\":{\"@id\":\"https:\/\/www.gloriamusic.com.br\/#\/schema\/logo\/image\/\"},\"sameAs\":[\"https:\/\/www.facebook.com\/gloriamusicproducoes\/\"]}]}<\/script>\n<!-- \/ Yoast SEO plugin. -->","yoast_head_json":{"title":"Olhos da F\u00e9 - Alian\u00e7a - Gloria Music","robots":{"index":"index","follow":"follow","max-snippet":"max-snippet:-1","max-image-preview":"max-image-preview:large","max-video-preview":"max-video-preview:-1"},"canonical":"https:\/\/torres.nuvemidc.com\/~gloriamu\/produto\/olhos-da-fe\/","og_locale":"pt_BR","og_type":"article","og_title":"Olhos da F\u00e9 - Alian\u00e7a - Gloria Music","og_description":"Gloria Music - Cantatas de Natal, P\u00e1scoa, Colet\u00e2neas. Material para Coro e\/ou Grupo Vocal em formato Download: Partitura, Demonstra\u00e7\u00e3o, Playbacks e Kits de Voz.","og_url":"https:\/\/torres.nuvemidc.com\/~gloriamu\/produto\/olhos-da-fe\/","og_site_name":"Gloria Music","article_publisher":"https:\/\/www.facebook.com\/gloriamusicproducoes\/","article_modified_time":"2026-02-13T15:33:55+00:00","og_image":[{"width":1772,"height":1772,"url":"https:\/\/torres.nuvemidc.com\/~gloriamu\/wp-content\/uploads\/gloriamusic\/2020\/09\/capasite-3.jpg","type":"image\/jpeg"}],"twitter_card":"summary_large_image","twitter_misc":{"Est. tempo de leitura":"2 minutos"},"schema":{"@context":"https:\/\/schema.org","@graph":[{"@type":"WebPage","@id":"https:\/\/torres.nuvemidc.com\/~gloriamu\/produto\/olhos-da-fe\/","url":"https:\/\/torres.nuvemidc.com\/~gloriamu\/produto\/olhos-da-fe\/","name":"Olhos da F\u00e9 - Alian\u00e7a - Gloria Music","isPartOf":{"@id":"https:\/\/www.gloriamusic.com.br\/#website"},"primaryImageOfPage":{"@id":"https:\/\/torres.nuvemidc.com\/~gloriamu\/produto\/olhos-da-fe\/#primaryimage"},"image":{"@id":"https:\/\/torres.nuvemidc.com\/~gloriamu\/produto\/olhos-da-fe\/#primaryimage"},"thumbnailUrl":"https:\/\/torres.nuvemidc.com\/~gloriamu\/wp-content\/uploads\/gloriamusic\/2020\/09\/capasite-3.jpg","datePublished":"2020-02-13T00:43:24+00:00","dateModified":"2026-02-13T15:33:55+00:00","breadcrumb":{"@id":"https:\/\/torres.nuvemidc.com\/~gloriamu\/produto\/olhos-da-fe\/#breadcrumb"},"inLanguage":"pt-BR","potentialAction":[{"@type":"ReadAction","target":["https:\/\/torres.nuvemidc.com\/~gloriamu\/produto\/olhos-da-fe\/"]}]},{"@type":"ImageObject","inLanguage":"pt-BR","@id":"https:\/\/torres.nuvemidc.com\/~gloriamu\/produto\/olhos-da-fe\/#primaryimage","url":"https:\/\/torres.nuvemidc.com\/~gloriamu\/wp-content\/uploads\/gloriamusic\/2020\/09\/capasite-3.jpg","contentUrl":"https:\/\/torres.nuvemidc.com\/~gloriamu\/wp-content\/uploads\/gloriamusic\/2020\/09\/capasite-3.jpg","width":1772,"height":1772},{"@type":"BreadcrumbList","@id":"https:\/\/torres.nuvemidc.com\/~gloriamu\/produto\/olhos-da-fe\/#breadcrumb","itemListElement":[{"@type":"ListItem","position":1,"name":"In\u00edcio","item":"https:\/\/www.gloriamusic.com.br\/"},{"@type":"ListItem","position":2,"name":"Loja","item":"https:\/\/www.gloriamusic.com.br\/shop\/"},{"@type":"ListItem","position":3,"name":"Olhos da F\u00e9 &#8211; Alian\u00e7a"}]},{"@type":"WebSite","@id":"https:\/\/www.gloriamusic.com.br\/#website","url":"https:\/\/www.gloriamusic.com.br\/","name":"Gloria Music","description":"Cantatas e musicais, m\u00fasica sacra.","publisher":{"@id":"https:\/\/www.gloriamusic.com.br\/#organization"},"potentialAction":[{"@type":"SearchAction","target":{"@type":"EntryPoint","urlTemplate":"https:\/\/www.gloriamusic.com.br\/?s={search_term_string}"},"query-input":{"@type":"PropertyValueSpecification","valueRequired":true,"valueName":"search_term_string"}}],"inLanguage":"pt-BR"},{"@type":"Organization","@id":"https:\/\/www.gloriamusic.com.br\/#organization","name":"Gloria Music","url":"https:\/\/www.gloriamusic.com.br\/","logo":{"@type":"ImageObject","inLanguage":"pt-BR","@id":"https:\/\/www.gloriamusic.com.br\/#\/schema\/logo\/image\/","url":"https:\/\/www.gloriamusic.com.br\/wp-content\/uploads\/2018\/12\/logo-color.png","contentUrl":"https:\/\/www.gloriamusic.com.br\/wp-content\/uploads\/2018\/12\/logo-color.png","width":184,"height":100,"caption":"Gloria Music"},"image":{"@id":"https:\/\/www.gloriamusic.com.br\/#\/schema\/logo\/image\/"},"sameAs":["https:\/\/www.facebook.com\/gloriamusicproducoes\/"]}]}},"_links":{"self":[{"href":"https:\/\/torres.nuvemidc.com\/~gloriamu\/wp-json\/wp\/v2\/product\/4499"}],"collection":[{"href":"https:\/\/torres.nuvemidc.com\/~gloriamu\/wp-json\/wp\/v2\/product"}],"about":[{"href":"https:\/\/torres.nuvemidc.com\/~gloriamu\/wp-json\/wp\/v2\/types\/product"}],"replies":[{"embeddable":true,"href":"https:\/\/torres.nuvemidc.com\/~gloriamu\/wp-json\/wp\/v2\/comments?post=4499"}],"wp:featuredmedia":[{"embeddable":true,"href":"https:\/\/torres.nuvemidc.com\/~gloriamu\/wp-json\/wp\/v2\/media\/8075"}],"wp:attachment":[{"href":"https:\/\/torres.nuvemidc.com\/~gloriamu\/wp-json\/wp\/v2\/media?parent=4499"}],"wp:term":[{"taxonomy":"product_cat","embeddable":true,"href":"https:\/\/torres.nuvemidc.com\/~gloriamu\/wp-json\/wp\/v2\/product_cat?post=4499"},{"taxonomy":"product_tag","embeddable":true,"href":"https:\/\/torres.nuvemidc.com\/~gloriamu\/wp-json\/wp\/v2\/product_tag?post=4499"}],"curies":[{"name":"wp","href":"https:\/\/api.w.org\/{rel}","templated":true}]}}

Olhos da Fé &#8211; Aliança

<p>Este Musical é um Best Seller da dupla de sucesso David T. Clydesdale e Steve Moore.<br />
&#8220;Olhos da Fé&#8221; traz a história vista por alguns personagens bíblicos como Simeão, Pedro, Judas e Maria Madalena. Eles nos mostram como foram impactados pelo grande amor de Jesus e dessa maneira tiveram seus olhos abertos, não os olhos físicos, mas sim, os Olhos da Fé!</p>
<p>Neste projeto você poderá agregar grupo de teatro, coreografia e o grupo de louvor de sua igreja.</p>
<p>Nossa oração é que seu culto de páscoa ou evangelismo seja uma grande celebração, trazendo à memória a maior história de amor de todos os tempos, amor este, que fez um Pai entregar seu único filho para morrer numa cruz e assim redimir a todos, sem exceção.</p>
<p>No amor de Jesus,</p>
<p>Charlis Ferre.<br />
Coda Musicais.</p>
<h4>Informações Gerais:</h4>
<p>Dificuldade: Moderada<br />
Vozes: SSCTB<br />
Temporada: Páscoa / Evangelismo<br />
Classificação: Jovem e Adulto<br />
Estilo: Contemporâneo<br />
Duração: 49 min</p>
<p>Criado por David T. Clydesdale e Steve Moore<br />
Arranjado e Orquestrado por David T. Clydesdale<br />
Traduzido por Claudio Verde e Charlis Ferre</p>

<p>Gloria Music &#8211; Cantatas de Natal, Páscoa, Coletâneas.<br />
Material para Coro e/ou Grupo Vocal em formato Download: Partitura, Demonstração, Playbacks e Kits de Voz.</p>

<!-- This site is optimized with the Yoast SEO plugin v23.5 - https://yoast.com/wordpress/plugins/seo/ -->
<title>Olhos da Fé - Aliança - Gloria Music</title>
<meta name="robots" content="index, follow, max-snippet:-1, max-image-preview:large, max-video-preview:-1" />
<link rel="canonical" href="https://torres.nuvemidc.com/~gloriamu/produto/olhos-da-fe/" />
<meta property="og:locale" content="pt_BR" />
<meta property="og:type" content="article" />
<meta property="og:title" content="Olhos da Fé - Aliança - Gloria Music" />
<meta property="og:description" content="Gloria Music - Cantatas de Natal, Páscoa, Coletâneas. Material para Coro e/ou Grupo Vocal em formato Download: Partitura, Demonstração, Playbacks e Kits de Voz." />
<meta property="og:url" content="https://torres.nuvemidc.com/~gloriamu/produto/olhos-da-fe/" />
<meta property="og:site_name" content="Gloria Music" />
<meta property="article:publisher" content="https://www.facebook.com/gloriamusicproducoes/" />
<meta property="article:modified_time" content="2026-02-13T15:33:55+00:00" />
<meta property="og:image" content="https://torres.nuvemidc.com/~gloriamu/wp-content/uploads/gloriamusic/2020/09/capasite-3.jpg" />
	<meta property="og:image:width" content="1772" />
	<meta property="og:image:height" content="1772" />
	<meta property="og:image:type" content="image/jpeg" />
<meta name="twitter:card" content="summary_large_image" />
<meta name="twitter:label1" content="Est. tempo de leitura" />
	<meta name="twitter:data1" content="2 minutos" />
<script type="application/ld+json" class="yoast-schema-graph">{"@context":"https://schema.org","@graph":[{"@type":"WebPage","@id":"https://torres.nuvemidc.com/~gloriamu/produto/olhos-da-fe/","url":"https://torres.nuvemidc.com/~gloriamu/produto/olhos-da-fe/","name":"Olhos da Fé - Aliança - Gloria Music","isPartOf":{"@id":"https://www.gloriamusic.com.br/#website"},"primaryImageOfPage":{"@id":"https://torres.nuvemidc.com/~gloriamu/produto/olhos-da-fe/#primaryimage"},"image":{"@id":"https://torres.nuvemidc.com/~gloriamu/produto/olhos-da-fe/#primaryimage"},"thumbnailUrl":"https://torres.nuvemidc.com/~gloriamu/wp-content/uploads/gloriamusic/2020/09/capasite-3.jpg","datePublished":"2020-02-13T00:43:24+00:00","dateModified":"2026-02-13T15:33:55+00:00","breadcrumb":{"@id":"https://torres.nuvemidc.com/~gloriamu/produto/olhos-da-fe/#breadcrumb"},"inLanguage":"pt-BR","potentialAction":[{"@type":"ReadAction","target":["https://torres.nuvemidc.com/~gloriamu/produto/olhos-da-fe/"]}]},{"@type":"ImageObject","inLanguage":"pt-BR","@id":"https://torres.nuvemidc.com/~gloriamu/produto/olhos-da-fe/#primaryimage","url":"https://torres.nuvemidc.com/~gloriamu/wp-content/uploads/gloriamusic/2020/09/capasite-3.jpg","contentUrl":"https://torres.nuvemidc.com/~gloriamu/wp-content/uploads/gloriamusic/2020/09/capasite-3.jpg","width":1772,"height":1772},{"@type":"BreadcrumbList","@id":"https://torres.nuvemidc.com/~gloriamu/produto/olhos-da-fe/#breadcrumb","itemListElement":[{"@type":"ListItem","position":1,"name":"Início","item":"https://www.gloriamusic.com.br/"},{"@type":"ListItem","position":2,"name":"Loja","item":"https://www.gloriamusic.com.br/shop/"},{"@type":"ListItem","position":3,"name":"Olhos da Fé &#8211; Aliança"}]},{"@type":"WebSite","@id":"https://www.gloriamusic.com.br/#website","url":"https://www.gloriamusic.com.br/","name":"Gloria Music","description":"Cantatas e musicais, música sacra.","publisher":{"@id":"https://www.gloriamusic.com.br/#organization"},"potentialAction":[{"@type":"SearchAction","target":{"@type":"EntryPoint","urlTemplate":"https://www.gloriamusic.com.br/?s={search_term_string}"},"query-input":{"@type":"PropertyValueSpecification","valueRequired":true,"valueName":"search_term_string"}}],"inLanguage":"pt-BR"},{"@type":"Organization","@id":"https://www.gloriamusic.com.br/#organization","name":"Gloria Music","url":"https://www.gloriamusic.com.br/","logo":{"@type":"ImageObject","inLanguage":"pt-BR","@id":"https://www.gloriamusic.com.br/#/schema/logo/image/","url":"https://www.gloriamusic.com.br/wp-content/uploads/2018/12/logo-color.png","contentUrl":"https://www.gloriamusic.com.br/wp-content/uploads/2018/12/logo-color.png","width":184,"height":100,"caption":"Gloria Music"},"image":{"@id":"https://www.gloriamusic.com.br/#/schema/logo/image/"},"sameAs":["https://www.facebook.com/gloriamusicproducoes/"]}]}</script>
<!-- / Yoast SEO plugin. -->

Olhos da Fé - Aliança - Gloria Music

Gloria Music - Cantatas de Natal, Páscoa, Coletâneas. Material para Coro e/ou Grupo Vocal em formato Download: Partitura, Demonstração, Playbacks e Kits de Voz.

Início

Cantatas e musicais, música sacra.
